a) = a**3 - 3*a**2 - 4*a + 3. Suppose -8 = y - 2. Let n be 1*y*(-4)/6. What is r(n)?
3
Let p(g) = -g**3 + 8*g**2 - 7*g - 2. Let i = -30 + 37. Let l be p(i). Let t(c) = -6*c. What is t(l)?
12
Suppose 4*j + 4*l - 12 = 0, -3*l + 2*l = -3*j - 3. Let g(s) = 0 + 2 + s**2 + s**2 - 5*s + j. Suppose -2*n - n = -9. Determine g(n).
5
Let j(x) = x - 5. Let g(i) = 4*i - 24. Let m(c) = 3*g(c) - 14*j(c). Determine m(3).
-8
Let c(o) = 7*o**3 + o**2 - 1. Suppose 3*a + 5 = -2*a, -3*t = 5*a + 8. Let f be c(t). Let n(p) = -p**2 - 5*p + 8. Determine n(f).
-6
Suppose 0 = p - 4, 3*n - 4*p + 14 = -2*p. Let d = n - -2. Let u(l) = 4 + 2 + 7*l + l**2 + d. What is u(-4)?
-6
Let y(g) = -7*g**2 - 7*g - 4. Let u(r) = 3*r**2 + 3*r + 2. Let q(m) = -5*u(m) - 2*y(m). Determine q(-2).
-4
Let l(v) = -2*v + 5. Let b(m) = 3*m - 9. Let g(w) = w**2 - 10*w + 13. Let u be g(9). Let a(f) = u*b(f) + 7*l(f). Determine a(4).
-9
Let t(w) = 3*w**3 + w - 10. Let r(o) be the third derivative of o**6/24 - o**5/60 + o**4/8 - 19*o**3/6 + 7*o**2. Let b(s) = 4*r(s) - 7*t(s). Determine b(-5).
-6
Let l be ((-45)/45)/((-1)/(1*3)). Let h(x) be the second derivative of -1/6*x**l - x**2 + 0 - 1/4*x**4 - 2*x - 1/20*x**5. Give h(-2).
-4
Let x(q) = q**3 + 7*q**2 - 6*q + 10. Suppose 1 = -w + d - 8, 2*w + 11 = -5*d. Let g be x(w). Let s(i) = -i**2 - 7*i - 9. What is s(g)?
-3
Let n(x) = -x - 5. Let i be n(-12). Let u(q) = q**3 - 8*q**2 + 7*q - 4. Determine u(i).
-4
Suppose -2*r = 8 + 6. Let x be 0 + (-3 - -2) + -1. Let z(b) = -10*b + 2. Let d(a) = 3*a - 1. Let p(w) = r*d(w) + x*z(w). Give p(4).
-1
Let v(z) be the first derivative of z**5/120 - z**4/24 + 2*z**3/3 - 3. Let k(u) be the third derivative of v(u). What is k(-4)?
-5
Let l(p) be the third derivative of 0 + 5/6*p**3 - 3*p**2 + 0*p - 1/20*p**5 - 1/120*p**6 + 1/8*p**4. Give l(-4).
9
Let m(s) be the third derivative of -s**4/12 + 2*s**3/3 + 2*s**2. Let b = 3 - -1. Determine m(b).
-4
Let h(l) = -l**2 - 3*l + 3. Let w = 21 + -15. Let s(y) = 9 - 2 + y**2 + w + 11*y. Let d be s(-9). Give h(d).
-7
Let l = -4 + 4. Suppose l = 3*d - 2*d. Let n(f) = -2*f + f**2 - 2*f**2 - f + 3 + d*f. Calculate n(-5).
-7
Let q be 7/3 + 2/(-6). Let c(n) = -3*n + 4*n - 6 - q*n - n. Let w(a) = 3*a - 1. Let t be w(-1). Calculate c(t).
2
Let f(j) be the third derivative of j**6/20 + j**4/24 - j**3/6 - 21*j**2. Calculate f(1).
6
Suppose 0 = -3*f - 5*a + 5, 5*a + 36 = 5*f + 1. Let u(k) be the first derivative of -k**4/4 + 5*k**3/3 + k**2 - 6*k - 3. Calculate u(f).
4
Let f(p) = -p**3 - p - 1. Let r(i) = -5*i**3 + 4*i**2 - 3*i - 5. Let y(l) = -6*f(l) + r(l). Let q be y(-2). Let w(z) = -z**3 + 3*z**2 + 2*z - 2. Determine w(q).
4
Let a(g) = 3*g - g - g. What is a(-6)?
-6
Let t = -8 + 6. Let l(v) = 1. Let s(m) = 2*m**3 + 2*m**2 - m. Let f(h) = -l(h) - s(h). Determine f(t).
5
Let j(f) be the second derivative of -5*f**3/3 + f**2/2 + 4*f. Let x = 7 - 6. Calculate j(x).
-9
Let w(f) = -f**3 - f**2 + 1. Let i(m) = 6*m**3 + m**2 + 2*m - 9. Let q(t) = i(t) + 5*w(t). Calculate q(3).
-7
Let f = 19 + -16. Let b(a) = -f - a + 3 + 2. Determine b(0).
2
Let t = -4 - -7. Let n(p) = -12 - 2*p + 0*p + t*p. Determine n(5).
-7
Let g(a) be the third derivative of 1/360*a**6 + 0 + 0*a**4 + 1/2*a**3 + 2*a**2 + 1/40*a**5 + 0*a. Let q(w) be the first derivative of g(w). Give q(-3).
0
Let u(g) = -g**2 + 1. Let w be u(-1). Suppose w*k = -5*k + 20. Let f(v) = -2 - k - 5*v - v**2 + 2. Calculate f(-3).
2
Let x(f) = -f**3 + 5*f**2 - 2*f - 5. Let v be x(4). Let c(t) be the first derivative of -1 + 0*t**2 - 2/3*t**v - t. Calculate c(-1).
-3
Let a(h) = h**3 + 6*h**2 + 17*h + 10. Let j(l) = -2*l - 1. Let x(c) = -a(c) - 6*j(c). What is x(-6)?
26
Let h(u) = -u + 2. Let z(q) = -q**3 - 7*q**2 - 2*q - 21. Let k be z(-7). Determine h(k).
9
Let q(z) = 2 - 11*z + 8*z + 5*z + 5*z. Determine q(-2).
-12
Let m(w) be the first derivative of 5*w - 1/4*w**4 + 0*w**2 - 3 + 2*w**3. Give m(6).
5
Let a(b) = -b**2 - 10*b. Suppose -4*g + g - 30 = 0. Let x be a(g). Let r(o) = -o + 14. Give r(x).
14
Let u(w) = -2*w**2 + 7 + w**3 + 2*w**2 + w**2. Suppose 5*m + d + 5 = 0, -m + 33 = -4*d + 13. Calculate u(m).
7
Suppose -b = 2 + 1. Let i(k) = 9*k**3 - 2*k**2 - 7*k + 2. Let t(w) = 7*w**3 - w**2 - 6*w + 2. Let z(a) = 3*i(a) - 4*t(a). Calculate z(b).
-2
Let x(h) = 2*h**3 + 10*h**2 - 10*h + 6. Let l(y) = -19*y + 15*y**2 + 4 + 7 + 4*y**2 + 3*y**3. Let o(s) = -3*l(s) + 5*x(s). Determine o(6).
3
Let b be ((-1)/(2/(-10)))/(-1). Suppose 1 = u - 2. Let g(r) = 6*r**2 + 5 + 7*r - 6*r**3 + 0*r + 7*r**u. Calculate g(b).
-5
Let m(n) = -n - 4. Suppose 4*c - 25 = 9*c. Determine m(c).
1
Let s(r) = 16 - 2*r**2 - 8 - 2*r - 7. Let y be 5/((-10)/(-6)) - 1. Calculate s(y).
-11
Let o(j) be the third derivative of j**5/60 + j**4/8 - j**3/2 - 6*j**2. Let b(h) be the first derivative of o(h). Determine b(-2).
-1
Let y(q) = -2*q**2 + q + 1. Let j(v) = -v**3 - 8*v**2 + v + 8. Let f = 21 + -29. Let k be j(f). Suppose d + 3*d - 7 = 5*o, -o - 3 = k. Give y(d).
-9
Let h(b) = 2*b - 8. Let q be h(4). Let l(a) = -6 + q + 35*a - a**2 - 42*a. Calculate l(-5).
4
Suppose 3*w + 18 = w. Let t(q) = 7*q**2 + 2*q - 9. Let z(g) = 2*g - 2. Let s be z(3). Let h(m) = 4*m**2 + m - 4. Let p(y) = s*t(y) + w*h(y). Calculate p(1).
-9
Let p(b) be the third derivative of -b**4/2 + 12*b**2. Determine p(-1).
12
Suppose 3*f = -4*a, 0 = 2*f - a - 0*a. Let g(v) = -1 + 0*v**2 + f - v**2 - 2. Give g(0).
-3
Let q(b) = -b**3 - 7*b**2 + 7*b - 11. Let k be q(-8). Let w(i) = 2*i + 4. What is w(k)?
-2
Let x(z) = 12*z - 6*z - 8*z - 4. Suppose 5*h + 15 + 22 = -4*m, 20 = -5*m - h. What is x(m)?
2
Suppose -3*n - 8 = -5*r - 5*n, -r + 5*n + 7 = 0. Let x(d) = 4 + d - r*d + 0*d. Let k(g) = -g**3 - 9*g**2 - 7*g + 5. Let a be k(-8). Calculate x(a).
7
Suppose -2*f = -4 - 0. Let i(m) = 2*m + 4*m**2 - 3*m**f + 0*m**2 - 3. Suppose -3*p + 29 = -3*r + 2*p, 4*p - 25 = 3*r. Calculate i(r).
0
Let l(b) be the third derivative of b**5/60 - b**2. Suppose -5*z = 4*s + 29, -7 - 7 = 2*s + 2*z. Let g = s - -4. Determine l(g).
4
Suppose l = -l - 6. Let y(x) = -4*x - 2. Determine y(l).
10
Let r = 29 - 13. Let g = r + -10. Let x(t) = -2*t + 5. Give x(g).
-7
Let l(o) = -o**3 + 5*o**2 - 2*o + 5. Let j be 0 + -1 + 7 + -1. Suppose 2*r = j*r - 9. Suppose 6*y - 15 = r*y. What is l(y)?
-5
Let m(f) = 7*f + 8*f - f - 4*f. Determine m(1).
10
Let p(u) = 0*u - 3*u**3 - 3 + 2*u + u + 2*u**2 + 2*u**3. What is p(3)?
-3
Let g(a) = a + 3. Suppose 0*b = -4*b - 8. Let z be b*2 + 1 + -1. Determine g(z).
-1
Let u(q) be the first derivative of -q**4/4 - q**3 - q**2/2 - 2*q + 1. Suppose 3*p + 20 = 5*n, 0 = -8*n + 3*n + p + 30. Let j = n + -10. What is u(j)?
1
Let y(f) = -2*f**2 + 8*f + 7. Let o(g) = g**2 - 4*g - 3. Let c(s) = -9*o(s) - 4*y(s). Give c(2).
3
Let r(o) = o**2 + 4*o - 7. Let t be 5*2*(-3)/(-6). Suppose -2*c = -3*z + 2*z + 13, -t*c - 5*z = 10. Give r(c).
-2
Let t(q) = 2*q - 2. Suppose -4 + 16 = 4*x + o, -3*x = -o - 16. What is t(x)?
6
Let j(k) be the second derivative of k**4/12 + k**3/6 - k**2/2 + 9*k. Determine j(2).
5
Let y(z) = -z**2 + 3*z + 5. Let n = -4 + 8. Let q be y(n). Suppose -q = 3*u - 7. Let h(d) = -2*d. Give h(u).
-4
Let h(x) = x**3 + 5*x**2 - 3*x - 6. Let s be -6 + 0 - (4 + -2). Let a(r) be the first derivative of r**2/2 + 3*r - 1. Let f be a(s). Determine h(f).
9
Let f(j) = j**2 + 6*j - 3. Let b(o) = o. Let z(g) = 5*g**3 - 2*g**2 + 2*g - 1. Let r = 1 - 0. Let t be z(r). Let y(v) = t*b(v) - f(v). What is y(-3)?
0
Let i(j) = 2*j - 5*j**2 + 2 - j**3 + 6*j + 0*j. Calculate i(-6).
-10
Let b(i) = -7*i**3 - 16*i**2 - i - 17. Let a(c) = -c**3 - c**2 - 1. Let z(v) = 6*a(v) - b(v). What is z(-10)?
1
Let s(b) = -b**3 - 5*b**2 + 6. Let t be s(-5). Let m(v) = -v**3 + 9*v**2 - v - 6. Let z(f) = -f**2 + f. Let j(g) = t*z(g) + m(g). Determine j(4).
-2
Let t = -8 - -8. Suppose t = -3*d + 11 - 5. Let h(g) = 2*g**2 - 3*g + 2. Give h(d).
4
Let x(b) = -1 - 2 + 3*b + 4. Determine x(-1).
-2
Suppose -2*a - 2 = -6. Let p(s) = s**3 + 4*s**2 + 2*s - 1. Let g be p(-3). Let i(k) = k**g - 29*k**3 + 31*k**3 - 3*k**2 - 2*k. Calculate i(a).
4
Suppose w - 1 = -3*l, l - 5*w - 17 = -6. Let o(x) = x**2 - 9*x**3 + 0*x - l + x + 0. Calculate o(1).
-8
Let m(o) = 3 - 9 + 9*o**2 + 5 - 4*o**2. Suppose -4*p - 1 = a, 0*p + 1 = -a - p. Give m(a).
4
Let b(n) = -3 + 7 - n + 0 + 2*n. Gi